[INFO] fetching crate orml-gradually-update 0.1.1...
[INFO] checking orml-gradually-update-0.1.1 against try#72f88fc4e9458f89516a0b8b0868f3718aec5b47 for pr-74989
[INFO] extracting crate orml-gradually-update 0.1.1 into /workspace/builds/worker-3/source
[INFO] validating manifest of crates.io crate orml-gradually-update 0.1.1 on toolchain 72f88fc4e9458f89516a0b8b0868f3718aec5b47
[INFO] running `Command { std: "/workspace/cargo-home/bin/cargo" "+72f88fc4e9458f89516a0b8b0868f3718aec5b47" "read-manifest" "--manifest-path" "Cargo.toml", kill_on_drop: false }`
[INFO] started tweaking crates.io crate orml-gradually-update 0.1.1
[INFO] finished tweaking crates.io crate orml-gradually-update 0.1.1
[INFO] tweaked toml for crates.io crate orml-gradually-update 0.1.1 written to /workspace/builds/worker-3/source/Cargo.toml
[INFO] running `Command { std: "/workspace/cargo-home/bin/cargo" "+72f88fc4e9458f89516a0b8b0868f3718aec5b47" "generate-lockfile" "--manifest-path" "Cargo.toml" "-Zno-index-update", kill_on_drop: false }`
[INFO] running `Command { std: "/workspace/cargo-home/bin/cargo" "+72f88fc4e9458f89516a0b8b0868f3718aec5b47" "fetch" "--locked" "--manifest-path" "Cargo.toml", kill_on_drop: false }`
[INFO] [stderr]     Blocking waiting for file lock on package cache
[INFO] [stderr]     Blocking waiting for file lock on package cache
[INFO] running `Command { std: "docker" "create" "-v" "/var/lib/crater-agent-workspace/builds/worker-3/target:/opt/rustwide/target:rw,Z" "-v" "/var/lib/crater-agent-workspace/builds/worker-3/source:/opt/rustwide/workdir:ro,Z" "-v" "/var/lib/crater-agent-workspace/cargo-home:/opt/rustwide/cargo-home:ro,Z" "-v" "/var/lib/crater-agent-workspace/rustup-home:/opt/rustwide/rustup-home:ro,Z" "-e" "SOURCE_DIR=/opt/rustwide/workdir" "-e" "CARGO_TARGET_DIR=/opt/rustwide/target" "-e" "CARGO_HOME=/opt/rustwide/cargo-home" "-e" "RUSTUP_HOME=/opt/rustwide/rustup-home" "-w" "/opt/rustwide/workdir" "-m" "1610612736" "--user" "0:0" "--network" "none" "rustops/crates-build-env@sha256:d92eaeed33fa75130ca1ee6c8a01d1ffb62bac859dfdfb3450e3e5d1c0146529" "/opt/rustwide/cargo-home/bin/cargo" "+72f88fc4e9458f89516a0b8b0868f3718aec5b47" "metadata" "--no-deps" "--format-version=1", kill_on_drop: false }`
[INFO] [stderr] WARNING: Your kernel does not support swap limit capabilities or the cgroup is not mounted. Memory limited without swap.
[INFO] [stdout] 4df38201e2ede6f056e284f20e412f8faefe451fdabee97fe7ad5a06be0f04db
[INFO] running `Command { std: "docker" "start" "-a" "4df38201e2ede6f056e284f20e412f8faefe451fdabee97fe7ad5a06be0f04db", kill_on_drop: false }`
[INFO] running `Command { std: "docker" "inspect" "4df38201e2ede6f056e284f20e412f8faefe451fdabee97fe7ad5a06be0f04db", kill_on_drop: false }`
[INFO] running `Command { std: "docker" "rm" "-f" "4df38201e2ede6f056e284f20e412f8faefe451fdabee97fe7ad5a06be0f04db", kill_on_drop: false }`
[INFO] [stdout] 4df38201e2ede6f056e284f20e412f8faefe451fdabee97fe7ad5a06be0f04db
[INFO] running `Command { std: "docker" "create" "-v" "/var/lib/crater-agent-workspace/builds/worker-3/target:/opt/rustwide/target:rw,Z" "-v" "/var/lib/crater-agent-workspace/builds/worker-3/source:/opt/rustwide/workdir:ro,Z" "-v" "/var/lib/crater-agent-workspace/cargo-home:/opt/rustwide/cargo-home:ro,Z" "-v" "/var/lib/crater-agent-workspace/rustup-home:/opt/rustwide/rustup-home:ro,Z" "-e" "SOURCE_DIR=/opt/rustwide/workdir" "-e" "CARGO_TARGET_DIR=/opt/rustwide/target" "-e" "CARGO_INCREMENTAL=0" "-e" "RUST_BACKTRACE=full" "-e" "RUSTFLAGS=--cap-lints=forbid" "-e" "CARGO_HOME=/opt/rustwide/cargo-home" "-e" "RUSTUP_HOME=/opt/rustwide/rustup-home" "-w" "/opt/rustwide/workdir" "-m" "1610612736" "--user" "0:0" "--network" "none" "rustops/crates-build-env@sha256:d92eaeed33fa75130ca1ee6c8a01d1ffb62bac859dfdfb3450e3e5d1c0146529" "/opt/rustwide/cargo-home/bin/cargo" "+72f88fc4e9458f89516a0b8b0868f3718aec5b47" "check" "--frozen" "--all" "--all-targets" "--message-format=json", kill_on_drop: false }`
[INFO] [stdout] 71032751a49d7e1b984c7c8ac129f9f1bb0fbe99b864ce8f1c1f8db8105625c2
[INFO] [stderr] WARNING: Your kernel does not support swap limit capabilities or the cgroup is not mounted. Memory limited without swap.
[INFO] running `Command { std: "docker" "start" "-a" "71032751a49d7e1b984c7c8ac129f9f1bb0fbe99b864ce8f1c1f8db8105625c2", kill_on_drop: false }`
[INFO] [stderr]     Checking sp-version v2.0.0-rc6
[INFO] [stderr]     Checking frame-system v2.0.0-rc6
[INFO] [stderr]     Checking orml-gradually-update v0.1.1 (/opt/rustwide/workdir)
[INFO] [stdout] error[E0432]: unresolved import `orml_utilities`
[INFO] [stdout]  --> src/tests.rs:8:5
[INFO] [stdout]   |
[INFO] [stdout] 8 | use orml_utilities::{FixedU128, FixedUnsignedNumber};
[INFO] [stdout]   |     ^^^^^^^^^^^^^^ use of undeclared type or module `orml_utilities`
[INFO] [stdout] 
[INFO] [stdout] 
[INFO] [stdout] warning: unused import: `self as system`
[INFO] [stdout]   --> src/lib.rs:10:20
[INFO] [stdout]    |
[INFO] [stdout] 10 | use frame_system::{self as system, ensure_root};
[INFO] [stdout]    |                    ^^^^^^^^^^^^^^
[INFO] [stdout]    |
[INFO] [stdout]    = note: `#[warn(unused_imports)]` on by default
[INFO] [stdout] 
[INFO] [stdout] 
[INFO] [stdout] warning: unused import: `self as system`
[INFO] [stdout]   --> src/lib.rs:10:20
[INFO] [stdout]    |
[INFO] [stdout] 10 | use frame_system::{self as system, ensure_root};
[INFO] [stdout]    |                    ^^^^^^^^^^^^^^
[INFO] [stdout]    |
[INFO] [stdout]    = note: `#[warn(unused_imports)]` on by default
[INFO] [stdout] 
[INFO] [stdout] 
[INFO] [stdout] error[E0046]: not all trait items implemented, missing: `BaseCallFilter`, `SystemWeightInfo`
[INFO] [stdout]   --> src/mock.rs:40:1
[INFO] [stdout]    |
[INFO] [stdout] 40 | impl frame_system::Trait for Runtime {
[INFO] [stdout]    | ^^^^^^^^^^^^^^^^^^^^^^^^^^^^^^^^^^^^ missing `BaseCallFilter`, `SystemWeightInfo` in implementation
[INFO] [stdout]    |
[INFO] [stdout]    = help: implement the missing item: `type BaseCallFilter = Type;`
[INFO] [stdout]    = help: implement the missing item: `type SystemWeightInfo = Type;`
[INFO] [stdout] 
[INFO] [stdout] 
[INFO] [stdout] warning: 1 warning emitted
[INFO] [stdout] 
[INFO] [stdout] 
[INFO] [stdout] error[E0599]: no associated item named `ROOT` found for struct `mock::Origin` in the current scope
[INFO] [stdout]   --> src/tests.rs:29:62
[INFO] [stdout]    |
[INFO] [stdout] 29 |           assert_ok!(GraduallyUpdateModule::gradually_update(Origin::ROOT, update.clone()));
[INFO] [stdout]    |                                                                      ^^^^ associated item not found in `mock::Origin`
[INFO] [stdout]    | 
[INFO] [stdout]   ::: src/mock.rs:12:1
[INFO] [stdout]    |
[INFO] [stdout] 12 | / impl_outer_origin! {
[INFO] [stdout] 13 | |     pub enum Origin for Runtime {}
[INFO] [stdout] 14 | | }
[INFO] [stdout]    | |_- associated item `ROOT` not found for this
[INFO] [stdout] 
[INFO] [stdout] 
[INFO] [stdout] error[E0599]: no associated item named `ROOT` found for struct `mock::Origin` in the current scope
[INFO] [stdout]   --> src/tests.rs:51:52
[INFO] [stdout]    |
[INFO] [stdout] 51 |               GraduallyUpdateModule::gradually_update(Origin::ROOT, update.clone()),
[INFO] [stdout]    |                                                               ^^^^ associated item not found in `mock::Origin`
[INFO] [stdout]    | 
[INFO] [stdout]   ::: src/mock.rs:12:1
[INFO] [stdout]    |
[INFO] [stdout] 12 | / impl_outer_origin! {
[INFO] [stdout] 13 | |     pub enum Origin for Runtime {}
[INFO] [stdout] 14 | | }
[INFO] [stdout]    | |_- associated item `ROOT` not found for this
[INFO] [stdout] 
[INFO] [stdout] 
[INFO] [stdout] error[E0599]: no associated item named `ROOT` found for struct `mock::Origin` in the current scope
[INFO] [stdout]   --> src/tests.rs:60:62
[INFO] [stdout]    |
[INFO] [stdout] 60 |           assert_ok!(GraduallyUpdateModule::gradually_update(Origin::ROOT, update.clone()));
[INFO] [stdout]    |                                                                      ^^^^ associated item not found in `mock::Origin`
[INFO] [stdout]    | 
[INFO] [stdout]   ::: src/mock.rs:12:1
[INFO] [stdout]    |
[INFO] [stdout] 12 | / impl_outer_origin! {
[INFO] [stdout] 13 | |     pub enum Origin for Runtime {}
[INFO] [stdout] 14 | | }
[INFO] [stdout]    | |_- associated item `ROOT` not found for this
[INFO] [stdout] 
[INFO] [stdout] 
[INFO] [stdout] error[E0599]: no associated item named `ROOT` found for struct `mock::Origin` in the current scope
[INFO] [stdout]   --> src/tests.rs:70:52
[INFO] [stdout]    |
[INFO] [stdout] 70 |               GraduallyUpdateModule::gradually_update(Origin::ROOT, new_update.clone()),
[INFO] [stdout]    |                                                               ^^^^ associated item not found in `mock::Origin`
[INFO] [stdout]    | 
[INFO] [stdout]   ::: src/mock.rs:12:1
[INFO] [stdout]    |
[INFO] [stdout] 12 | / impl_outer_origin! {
[INFO] [stdout] 13 | |     pub enum Origin for Runtime {}
[INFO] [stdout] 14 | | }
[INFO] [stdout]    | |_- associated item `ROOT` not found for this
[INFO] [stdout] 
[INFO] [stdout] 
[INFO] [stdout] error[E0599]: no associated item named `ROOT` found for struct `mock::Origin` in the current scope
[INFO] [stdout]   --> src/tests.rs:75:52
[INFO] [stdout]    |
[INFO] [stdout] 75 |               GraduallyUpdateModule::gradually_update(Origin::ROOT, update.clone()),
[INFO] [stdout]    |                                                               ^^^^ associated item not found in `mock::Origin`
[INFO] [stdout]    | 
[INFO] [stdout]   ::: src/mock.rs:12:1
[INFO] [stdout]    |
[INFO] [stdout] 12 | / impl_outer_origin! {
[INFO] [stdout] 13 | |     pub enum Origin for Runtime {}
[INFO] [stdout] 14 | | }
[INFO] [stdout]    | |_- associated item `ROOT` not found for this
[INFO] [stdout] 
[INFO] [stdout] 
[INFO] [stdout] error[E0599]: no associated item named `ROOT` found for struct `mock::Origin` in the current scope
[INFO] [stdout]   --> src/tests.rs:91:62
[INFO] [stdout]    |
[INFO] [stdout] 91 |           assert_ok!(GraduallyUpdateModule::gradually_update(Origin::ROOT, update.clone()));
[INFO] [stdout]    |                                                                      ^^^^ associated item not found in `mock::Origin`
[INFO] [stdout]    | 
[INFO] [stdout]   ::: src/mock.rs:12:1
[INFO] [stdout]    |
[INFO] [stdout] 12 | / impl_outer_origin! {
[INFO] [stdout] 13 | |     pub enum Origin for Runtime {}
[INFO] [stdout] 14 | | }
[INFO] [stdout]    | |_- associated item `ROOT` not found for this
[INFO] [stdout] 
[INFO] [stdout] 
[INFO] [stdout] error[E0599]: no associated item named `ROOT` found for struct `mock::Origin` in the current scope
[INFO] [stdout]    --> src/tests.rs:102:12
[INFO] [stdout]     |
[INFO] [stdout] 102 |               Origin::ROOT,
[INFO] [stdout]     |                       ^^^^ associated item not found in `mock::Origin`
[INFO] [stdout]     | 
[INFO] [stdout]    ::: src/mock.rs:12:1
[INFO] [stdout]     |
[INFO] [stdout] 12  | / impl_outer_origin! {
[INFO] [stdout] 13  | |     pub enum Origin for Runtime {}
[INFO] [stdout] 14  | | }
[INFO] [stdout]     | |_- associated item `ROOT` not found for this
[INFO] [stdout] 
[INFO] [stdout] 
[INFO] [stdout] error[E0599]: no associated item named `ROOT` found for struct `mock::Origin` in the current scope
[INFO] [stdout]    --> src/tests.rs:121:59
[INFO] [stdout]     |
[INFO] [stdout] 121 |               GraduallyUpdateModule::cancel_gradually_update(Origin::ROOT, update.key.clone()),
[INFO] [stdout]     |                                                                      ^^^^ associated item not found in `mock::Origin`
[INFO] [stdout]     | 
[INFO] [stdout]    ::: src/mock.rs:12:1
[INFO] [stdout]     |
[INFO] [stdout] 12  | / impl_outer_origin! {
[INFO] [stdout] 13  | |     pub enum Origin for Runtime {}
[INFO] [stdout] 14  | | }
[INFO] [stdout]     | |_- associated item `ROOT` not found for this
[INFO] [stdout] 
[INFO] [stdout] 
[INFO] [stdout] error[E0599]: no associated item named `ROOT` found for struct `mock::Origin` in the current scope
[INFO] [stdout]    --> src/tests.rs:125:62
[INFO] [stdout]     |
[INFO] [stdout] 125 |           assert_ok!(GraduallyUpdateModule::gradually_update(Origin::ROOT, update.clone()));
[INFO] [stdout]     |                                                                      ^^^^ associated item not found in `mock::Origin`
[INFO] [stdout]     | 
[INFO] [stdout]    ::: src/mock.rs:12:1
[INFO] [stdout]     |
[INFO] [stdout] 12  | / impl_outer_origin! {
[INFO] [stdout] 13  | |     pub enum Origin for Runtime {}
[INFO] [stdout] 14  | | }
[INFO] [stdout]     | |_- associated item `ROOT` not found for this
[INFO] [stdout] 
[INFO] [stdout] 
[INFO] [stdout] error[E0599]: no associated item named `ROOT` found for struct `mock::Origin` in the current scope
[INFO] [stdout]    --> src/tests.rs:128:12
[INFO] [stdout]     |
[INFO] [stdout] 128 |               Origin::ROOT,
[INFO] [stdout]     |                       ^^^^ associated item not found in `mock::Origin`
[INFO] [stdout]     | 
[INFO] [stdout]    ::: src/mock.rs:12:1
[INFO] [stdout]     |
[INFO] [stdout] 12  | / impl_outer_origin! {
[INFO] [stdout] 13  | |     pub enum Origin for Runtime {}
[INFO] [stdout] 14  | | }
[INFO] [stdout]     | |_- associated item `ROOT` not found for this
[INFO] [stdout] 
[INFO] [stdout] 
[INFO] [stdout] error[E0599]: no associated item named `ROOT` found for struct `mock::Origin` in the current scope
[INFO] [stdout]    --> src/tests.rs:144:62
[INFO] [stdout]     |
[INFO] [stdout] 144 |           assert_ok!(GraduallyUpdateModule::gradually_update(Origin::ROOT, update.clone()));
[INFO] [stdout]     |                                                                      ^^^^ associated item not found in `mock::Origin`
[INFO] [stdout]     | 
[INFO] [stdout]    ::: src/mock.rs:12:1
[INFO] [stdout]     |
[INFO] [stdout] 12  | / impl_outer_origin! {
[INFO] [stdout] 13  | |     pub enum Origin for Runtime {}
[INFO] [stdout] 14  | | }
[INFO] [stdout]     | |_- associated item `ROOT` not found for this
[INFO] [stdout] 
[INFO] [stdout] 
[INFO] [stdout] error[E0599]: no associated item named `ROOT` found for struct `mock::Origin` in the current scope
[INFO] [stdout]    --> src/tests.rs:191:62
[INFO] [stdout]     |
[INFO] [stdout] 191 |           assert_ok!(GraduallyUpdateModule::gradually_update(Origin::ROOT, update.clone()));
[INFO] [stdout]     |                                                                      ^^^^ associated item not found in `mock::Origin`
[INFO] [stdout]     | 
[INFO] [stdout]    ::: src/mock.rs:12:1
[INFO] [stdout]     |
[INFO] [stdout] 12  | / impl_outer_origin! {
[INFO] [stdout] 13  | |     pub enum Origin for Runtime {}
[INFO] [stdout] 14  | | }
[INFO] [stdout]     | |_- associated item `ROOT` not found for this
[INFO] [stdout] 
[INFO] [stdout] 
[INFO] [stdout] error[E0599]: no associated item named `ROOT` found for struct `mock::Origin` in the current scope
[INFO] [stdout]    --> src/tests.rs:234:62
[INFO] [stdout]     |
[INFO] [stdout] 234 |           assert_ok!(GraduallyUpdateModule::gradually_update(Origin::ROOT, update.clone()));
[INFO] [stdout]     |                                                                      ^^^^ associated item not found in `mock::Origin`
[INFO] [stdout]     | 
[INFO] [stdout]    ::: src/mock.rs:12:1
[INFO] [stdout]     |
[INFO] [stdout] 12  | / impl_outer_origin! {
[INFO] [stdout] 13  | |     pub enum Origin for Runtime {}
[INFO] [stdout] 14  | | }
[INFO] [stdout]     | |_- associated item `ROOT` not found for this
[INFO] [stdout] 
[INFO] [stdout] 
[INFO] [stdout] error[E0599]: no associated item named `ROOT` found for struct `mock::Origin` in the current scope
[INFO] [stdout]    --> src/tests.rs:255:62
[INFO] [stdout]     |
[INFO] [stdout] 255 |           assert_ok!(GraduallyUpdateModule::gradually_update(Origin::ROOT, update.clone()));
[INFO] [stdout]     |                                                                      ^^^^ associated item not found in `mock::Origin`
[INFO] [stdout]     | 
[INFO] [stdout]    ::: src/mock.rs:12:1
[INFO] [stdout]     |
[INFO] [stdout] 12  | / impl_outer_origin! {
[INFO] [stdout] 13  | |     pub enum Origin for Runtime {}
[INFO] [stdout] 14  | | }
[INFO] [stdout]     | |_- associated item `ROOT` not found for this
[INFO] [stdout] 
[INFO] [stdout] 
[INFO] [stdout] error[E0599]: no associated item named `ROOT` found for struct `mock::Origin` in the current scope
[INFO] [stdout]    --> src/tests.rs:288:62
[INFO] [stdout]     |
[INFO] [stdout] 288 |           assert_ok!(GraduallyUpdateModule::gradually_update(Origin::ROOT, update.clone()));
[INFO] [stdout]     |                                                                      ^^^^ associated item not found in `mock::Origin`
[INFO] [stdout]     | 
[INFO] [stdout]    ::: src/mock.rs:12:1
[INFO] [stdout]     |
[INFO] [stdout] 12  | / impl_outer_origin! {
[INFO] [stdout] 13  | |     pub enum Origin for Runtime {}
[INFO] [stdout] 14  | | }
[INFO] [stdout]     | |_- associated item `ROOT` not found for this
[INFO] [stdout] 
[INFO] [stdout] 
[INFO] [stdout] error[E0599]: no associated item named `ROOT` found for struct `mock::Origin` in the current scope
[INFO] [stdout]    --> src/tests.rs:309:62
[INFO] [stdout]     |
[INFO] [stdout] 309 |           assert_ok!(GraduallyUpdateModule::gradually_update(Origin::ROOT, update.clone()));
[INFO] [stdout]     |                                                                      ^^^^ associated item not found in `mock::Origin`
[INFO] [stdout]     | 
[INFO] [stdout]    ::: src/mock.rs:12:1
[INFO] [stdout]     |
[INFO] [stdout] 12  | / impl_outer_origin! {
[INFO] [stdout] 13  | |     pub enum Origin for Runtime {}
[INFO] [stdout] 14  | | }
[INFO] [stdout]     | |_- associated item `ROOT` not found for this
[INFO] [stdout] 
[INFO] [stdout] 
[INFO] [stdout] error[E0599]: no associated item named `ROOT` found for struct `mock::Origin` in the current scope
[INFO] [stdout]    --> src/tests.rs:354:62
[INFO] [stdout]     |
[INFO] [stdout] 354 |           assert_ok!(GraduallyUpdateModule::gradually_update(Origin::ROOT, update.clone()));
[INFO] [stdout]     |                                                                      ^^^^ associated item not found in `mock::Origin`
[INFO] [stdout]     | 
[INFO] [stdout]    ::: src/mock.rs:12:1
[INFO] [stdout]     |
[INFO] [stdout] 12  | / impl_outer_origin! {
[INFO] [stdout] 13  | |     pub enum Origin for Runtime {}
[INFO] [stdout] 14  | | }
[INFO] [stdout]     | |_- associated item `ROOT` not found for this
[INFO] [stdout] 
[INFO] [stdout] 
[INFO] [stdout] error[E0599]: no associated item named `ROOT` found for struct `mock::Origin` in the current scope
[INFO] [stdout]    --> src/tests.rs:355:62
[INFO] [stdout]     |
[INFO] [stdout] 355 |           assert_ok!(GraduallyUpdateModule::gradually_update(Origin::ROOT, update2.clone()));
[INFO] [stdout]     |                                                                      ^^^^ associated item not found in `mock::Origin`
[INFO] [stdout]     | 
[INFO] [stdout]    ::: src/mock.rs:12:1
[INFO] [stdout]     |
[INFO] [stdout] 12  | / impl_outer_origin! {
[INFO] [stdout] 13  | |     pub enum Origin for Runtime {}
[INFO] [stdout] 14  | | }
[INFO] [stdout]     | |_- associated item `ROOT` not found for this
[INFO] [stdout] 
[INFO] [stdout] 
[INFO] [stdout] error[E0599]: no associated item named `ROOT` found for struct `mock::Origin` in the current scope
[INFO] [stdout]    --> src/tests.rs:356:62
[INFO] [stdout]     |
[INFO] [stdout] 356 |           assert_ok!(GraduallyUpdateModule::gradually_update(Origin::ROOT, update3.clone()));
[INFO] [stdout]     |                                                                      ^^^^ associated item not found in `mock::Origin`
[INFO] [stdout]     | 
[INFO] [stdout]    ::: src/mock.rs:12:1
[INFO] [stdout]     |
[INFO] [stdout] 12  | / impl_outer_origin! {
[INFO] [stdout] 13  | |     pub enum Origin for Runtime {}
[INFO] [stdout] 14  | | }
[INFO] [stdout]     | |_- associated item `ROOT` not found for this
[INFO] [stdout] 
[INFO] [stdout] 
[INFO] [stdout] error: aborting due to 21 previous errors; 1 warning emitted
[INFO] [stdout] 
[INFO] [stdout] 
[INFO] [stdout] Some errors have detailed explanations: E0046, E0432, E0599.
[INFO] [stdout] 
[INFO] [stdout] For more information about an error, try `rustc --explain E0046`.
[INFO] [stdout] 
[INFO] [stderr] error: could not compile `orml-gradually-update`.
[INFO] [stderr] 
[INFO] [stderr] To learn more, run the command again with --verbose.
[INFO] running `Command { std: "docker" "inspect" "71032751a49d7e1b984c7c8ac129f9f1bb0fbe99b864ce8f1c1f8db8105625c2", kill_on_drop: false }`
[INFO] running `Command { std: "docker" "rm" "-f" "71032751a49d7e1b984c7c8ac129f9f1bb0fbe99b864ce8f1c1f8db8105625c2", kill_on_drop: false }`
[INFO] [stdout] 71032751a49d7e1b984c7c8ac129f9f1bb0fbe99b864ce8f1c1f8db8105625c2
